*x + 22 + 1092, -3*f + h*x + 3309 = 0. Is f prime?
False
Let n(k) be the second derivative of -9*k + 37/3*k**3 + 1/2*k**2 + 0. Is n(5) a composite number?
True
Let w(o) = o + 2. Let d(s) = 82*s - 2. Let k(c) = -3*d(c) + 21*w(c). Is k(-13) prime?
False
Let t = 431 - 427. Suppose 4*f = t*m + 2592, 2*f + 5*m + 0*m = 1303. Is f a composite number?
True
Let m = -29 + 34. Suppose -4*u - 70 = -2*s, -2*u + 0*u - 55 = -m*s. Is u/(-10)*692/3 a composite number?
True
Let h = 277 + -162. Let v = 1816 + h. Is v a composite number?
False
Let j = 699 - 689. Suppose -5*k - 15 = -4*p, 2*p + 9 = 4*p - 3*k. Suppose 2*m + j = 0, 3*v + 5*m - 4946 = -p*m. Is v composite?
False
Let t(w) = -1 - 7 - 110*w + 1. Let v be t(-5). Let x = v - 342. Is x a prime number?
False
Suppose 2*h + 5*p = 3*h - 4, -3*h - 4*p = 7. Let f(m) be the third derivative of -319*m**4/12 - 7*m**3/6 - 18*m**2. Is f(h) a composite number?
False
Suppose 0 = 2*b + y - 1, -5*y - 4 = b. Is (-353 - 0)/((-6)/5 + b) prime?
False
Suppose 28475 = 19*n - 14*n. Let b = n - 3960. Is b a composite number?
True
Let p(b) = b**3 + b + 1. Let s be p(0). Let a(h) = 2*h**3 - 17*h**2 + 59*h + 3. Let d be a(4). Suppose v = -s + d. Is v a composite number?
True
Let c = -19225 - -11447. Let r = 10977 + c. Is r composite?
True
Suppose 7*j - 20 = 2*j. Suppose -3114 = -j*z - 5*l - 508, -z - 2*l + 650 = 0. Suppose -2*o = -3*d - z - 2707, 6717 = 4*o - 5*d. Is o a composite number?
True
Suppose 0 = -h - 18*h + 1103349. Let g = -28982 + h. Is g a prime number?
False
Let h = -67 + 71. Suppose 0 = -3*g - i - 12350, -4*g - h*i - 8240 = -2*g. Let z = 11135 + g. Is z a composite number?
False
Let a = 1 - 1. Let h(o) = o - 767. Let v be h(a). Let b = 200 - v. Is b a prime number?
True
Let q be -27*((-3)/9*35 + -3). Suppose -3*v = -6*v - 3*r + q, -3*r = -15. Is v prime?
True
Let g = 819 + -812. Suppose 3*a - 2*m = 30921, g*a - 5*m = 8*a - 10307. Is a a prime number?
False
Let g = -9522 - -13832. Let u = 10233 - g. Is u a prime number?
True
Let j = 786466 - 391275. Is j a composite number?
False
Let v be (-3 + 8 + -4)*(-2 + 3). Let y(m) = 2*m**3 - 24*m**2 - 23*m + 34. Let a(r) = -r**3 + r**2 + r - 1. Let b(u) = v*y(u) + 3*a(u). Is b(-20) composite?
False
Suppose 31*b - 33*b + 3*w + 424706 = 0, 5*b - 1061816 = -w. Is b a composite number?
True
Suppose 0 = -4*d + 6*d + 2*a - 8, 0 = -4*a + 8. Let q = -242 + 248. Is d/(4 - q) + 47 a composite number?
True
Let v(l) = l**3 + 6*l**2 - 3*l. Let n be v(-6). Let y(p) be the first derivative of 74*p**2 - 3*p - 284. Is y(n) a composite number?
True
Let v = 51860 - 27531. Is v composite?
False
Let q(h) = -480*h**2 + 3*h - 2. Let j be q(6). Let n = -12301 - j. Is n prime?
False
Let b(h) = 938*h**2 - 5*h - 87. Let l be b(-5). Suppose l = 12*r - 0*r. Is r prime?
True
Let r(i) = -143*i. Let v be r(-1). Let o = v - 153. Is -2 + 1224 + o/(-2) prime?
False
Suppose 0 = 54*a - 55*a - w + 94653, 0 = 3*a - 3*w - 283935. Is a a composite number?
False
Let h = -404560 - -1765917. Is h composite?
False
Suppose -4*w + 4*z + 12220 + 13776 = 0, 0 = -5*w - 3*z + 32487. Suppose -4*p = -3*y - w + 34475, -3*y = 2*p - 27983. Is y a composite number?
True
Suppose u = -6*u + 14. Suppose 3*y = -u*d + 3*d - 79, 0 = -2*d + 2*y + 158. Suppose -2*a + 59 = x + a, a = x - d. Is x a prime number?
False
Let h = -92 + -53. Let v = -914 + 1176. Let m = v - h. Is m prime?
False
Let b(s) = 36275*s + 548. Is b(7) a prime number?
False
Let l(i) be the third derivative of -i**6/120 + 17*i**5/60 - i**4/4 + 7*i**3/6 - 3*i**2 - 13*i. Is l(11) a composite number?
True
Let w be -5*2/(-5)*(11 - 10). Suppose -w*y + 3*c = -2354 - 429, 15 = 3*c. Is y composite?
False
Let v be (-26 + (2 - 1))*1. Let n = v + 18. Let j(t) = 37*t**2 + 15*t + 1. Is j(n) prime?
True
Suppose 5*z - 2*h - 3655385 = 1057018, 942467 = z + 3*h. Is z prime?
True
Let l = 84 - -330. Suppose -l*m - 15685 = -415*m. Is m a composite number?
True
Is 2374395*4/220 - (40/22 - 2) a composite number?
True
Is 574028 + 0*(-1)/(-7) + 9 a prime number?
False
Suppose 47 + 21 = 34*w. Suppose 5*q + w*s - 371 = 282, -5 = 5*s. Is q composite?
False
Suppose -11*a = p - 7*a - 396, 0 = -2*a + 4. Let c = 695 - p. Is c a composite number?
False
Suppose -12*y + 4*y = -32680. Let h = y + -7281. Is (2 + 2)*h/(-16) a composite number?
True
Suppose -3*h - 354 - 11465 = -2*f, 5*f - 29573 = -h. Let i = f - 2093. Is i prime?
True
Suppose 0 = 642*h + 94059613 - 210492909 - 72565726. Is h prime?
True
Let h(m) = -121*m**3 - m - 2. Let k be h(-1). Let q = -30 + k. Suppose q = 3*n - 87. Is n a composite number?
False
Is (-1 - ((-10)/5 + 0))/((-16)/(-831088)) a prime number?
False
Let s = 73 - 68. Suppose s*g + j = 36640, -6*g + 5*j + 36610 = -g. Is g prime?
False
Let f(n) = 10*n**3 + 30*n**2 + 28*n + 21. Is f(11) a composite number?
True
Let q(y) = 5*y**2 - 6*y - y**3 + 5 + 11 - 6. Let z be q(4). Suppose -3*c = c - x - 1327, -5*c = z*x - 1649. Is c prime?
True
Suppose -81*v = -55*v - 9551282. Is v a prime number?
True
Let x(c) = -2022*c + 32. Let m be x(-3). Is 54/(-36)*m/(-3) a composite number?
False
Suppose 40491195 = -155*h + 410*h. Is h composite?
True
Let n(u) = 3*u + 23. Let s be n(-5). Is 7/(-3)*12/s*-13318 prime?
False
Let b = 610 + 10202. Suppose b - 65102 = -10*g. Is g a prime number?
False
Let a be -2 + 7 - 1335*11. Is 1/(-9) + a/(-90) a composite number?
False
Let u(b) = 1324*b + 7513. Is u(57) a prime number?
True
Let c be 12267 - 4/(1 + 1). Suppose -4*p = -4*v + 33928, 3*p - 6*v + 25456 = -8*v. Let k = p + c. Is k prime?
False
Let z = -452711 + 641474. Is z composite?
True
Suppose -14 + 9 = -f. Suppose 3*y = -v + 16, 3*y - 24 = 2*y - f*v. Suppose y*a + 1762 = 5*a. Is a prime?
False
Let s = 266 + -266. Is -7*10/(-14) + 19802 + s composite?
True
Suppose 0 = -5*s - p + 93099 + 2936, 4*s - 5*p - 76828 = 0. Is s a prime number?
True
Let t be (1 + (-376)/(-24))/(1/(-3)). Is (10/(t/(-65)))/(1/211) composite?
True
Let v = 148 + -139. Let x(y) = 33*y + 26. Is x(v) composite?
True
Let y = -1072 - -31461. Is y a composite number?
False
Let g be (1 - (-339)/(-2))/((-4)/8). Let p = 624 - g. Is p a composite number?
True
Suppose -2*o + 4*w = -306514, 152825 - 919055 = -5*o - w. Is o composite?
False
Let n(q) = q**3 + 5*q**2 - 4*q - 22. Let s be -1*(9 - (2 + 2)). Let g be n(s). Is ((-959)/3 - g)*-3 a composite number?
False
Suppose 18*f - 55127 = -5*p + 16*f, -3*p + 33069 = 3*f. Is p a composite number?
False
Let g(h) = -4*h + 2*h**3 - 10 + 3*h**3 + 0*h**3 - 30*h**2 - 6*h. Is g(15) a prime number?
False
Let y = 5962 - -1700. Suppose 24*x - 30*x = -y. Is x a prime number?
True
Suppose 2*c - 3*u = 1479, -5*u - 1786 = -5*c + 1919. Let k = -505 + c. Suppose -252 - k = -n. Is n a prime number?
True
Suppose 0 = -19*k + 18*k + 2, 5*k - 16 = -2*u. Suppose -3*c = f + 4407 - 43713, 3*c = u*f + 39318. Is c prime?
True
Is 12284/8 - (-110)/20 prime?
False
Suppose 2*b + 203 = -5*b. Let x = b + 33. Suppose -3*s - u = -3453, s = -4*s + x*u + 5755. Is s composite?
False
Let z(b) = 400*b**2 + 19*b + 5046. Is z(-77) composite?
False
Suppose -5*i = 4*i + 9*i - 633618. Is i a prime number?
True
Suppose 4*h + 4356 = 10*h. Suppose 0 = -8*a + 6*a + h. Let u = a - 28. Is u a composite number?
True
Suppose 0 = -2*c, -c = -4*u + 728 - 132. Is u composite?
False
Suppose -116 = -5*q + 4*q. Suppose s - q - 15 = 0. Let n = s + 410. Is n a prime number?
True
Suppose -19 = -3*y + 140. Let r = 58 - y. Suppose -u - 5*n + 84 = 0, -4*n = r*u - 2*u - 241. Is u a composite number?
False
Let i be (3 + (-204399)/(-15))*5. Suppose -25*z + 24*z - 5*a + 1 = 0, 0 = 4*z + 3*a + 30. Is ((i/(-30))/z)/((-2)/(-5)) a prime number?
True
Suppose 2*c + 106*a - 108*a = 4651072, -c = -4*a - 2325545. Is c composite?
True
Suppose 0 = 2*n - 3*r + 7*r + 44, 0 = n - 4*r + 52. Let x = 27 + n. Let y(c) = -97*c + 8. Is y(x) composite?
True
Let a be 8 - 476/77 - 4/(-22). Suppose 0 = a*m + 837 - 10715. Is m prime?
False
Let o be ((-8)/20)/((-1)/5) + 5. Suppose -s = -o + 20. Let r(z) = z**2 + 6*z - 24. Is r(s) a composite number?
False
Suppose -4*f - 2*y = 68 - 10, 67 = -4*f + y. Let q(c) = -8*c**3 - 24*c**2 - 10*c - 37. Is q(f) composite?
True
Suppose -80099 = -4*h - 3*s, -s = h - 0*h - 20025. Suppose 7*r - h = -r. Is r composite?
False
Let m be 10/2*(8 - (-10692)/(-45)